37
List the prime factors of 1263.
3, 421
List the prime factors of 1216.
2, 19
What are the prime factors of 21272?
2, 2659
What are the prime factors of 910?
2, 5, 7, 13
What are the prime factors of 7806?
2, 3, 1301
List the prime factors of 2642.
2, 1321
What are the prime factors of 2788?
2, 17, 41
List the prime factors of 1914.
2, 3, 11, 29
List the prime factors of 50131.
50131
What are the prime factors of 1732?
2, 433
List the prime factors of 4096.
2
List the prime factors of 1079.
13, 83
What are the prime factors of 1548?
2, 3, 43
What are the prime factors of 5222?
2, 7, 373
What are the prime factors of 16046?
2, 71, 113
List the prime factors of 1075.
5, 43
List the prime factors of 3867.
3, 1289
What are the prime factors of 5143?
37, 139
List the prime factors of 2068.
2, 11, 47
List the prime factors of 5502.
2, 3, 7, 131
What are the prime factors of 3017?
7, 431
What are the prime factors of 57082?
2, 28541
What are the prime factors of 10387?
13, 17, 47
What are the prime factors of 10975?
5, 439
What are the prime factors of 90043?
127, 709
List the prime factors of 698.
2, 349
What are the prime factors of 668?
2, 167
List the prime factors of 782.
2, 17, 23
What are the prime factors of 498?
2, 3, 83
List the prime factors of 9438.
2, 3, 11, 13
What are the prime factors of 7613?
23, 331
List the prime factors of 2653.
7, 379
What are the prime factors of 25041?
3, 17, 491
What are the prime factors of 11810?
2, 5, 1181
What are the prime factors of 141574?
2, 71, 997
List the prime factors of 24353.
7, 71
What are the prime factors of 122?
2, 61
List the prime factors of 50667.
3, 16889
What are the prime factors of 8231?
8231
What are the prime factors of 5958?
2, 3, 331
List the prime factors of 84421.
84421
What are the prime factors of 15099?
3, 7, 719
What are the prime factors of 4787?
4787
List the prime factors of 131.
131
List the prime factors of 1867.
1867
What are the prime factors of 36272?
2, 2267
List the prime factors of 86970.
2, 3, 5, 13, 223
List the prime factors of 2130.
2, 3, 5, 71
What are the prime factors of 3057?
3, 1019
What are the prime factors of 4871?
4871
What are the prime factors of 821?
821
What are the prime factors of 8982?
2, 3, 499
List the prime factors of 28653.
3, 9551
List the prime factors of 1872.
2, 3, 13
List the prime factors of 725.
5, 29
List the prime factors of 1296.
2, 3
What are the prime factors of 42323?
42323
What are the prime factors of 4643?
4643
List the prime factors of 83235.
3, 5, 31, 179
List the prime factors of 3381.
3, 7, 23
What are the prime factors of 21084?
2, 3, 7, 251
What are the prime factors of 19309?
19309
List the prime factors of 22776.
2, 3, 13, 73
What are the prime factors of 21814?
2, 13, 839
List the prime factors of 13650.
2, 3, 5, 7, 13
What are the prime factors of 2026?
2, 1013
List the prime factors of 1718.
2, 859
List the prime factors of 1596.
2, 3, 7, 19
What are the prime factors of 520?
2, 5, 13
List the prime factors of 339.
3, 113
List the prime factors of 2816.
2, 11
What are the prime factors of 24157?
7, 17, 29
What are the prime factors of 2995?
5, 599
List the prime factors of 20265.
3, 5, 7, 193
What are the prime factors of 4269?
3, 1423
List the prime factors of 2262.
2, 3, 13, 29
What are the prime factors of 103248?
2, 3, 239
What are the prime factors of 17617?
79, 223
What are the prime factors of 876?
2, 3, 73
List the prime factors of 387.
3, 43
What are the prime factors of 126?
2, 3, 7
What are the prime factors of 29975?
5, 11, 109
List the prime factors of 1851.
3, 617
List the prime factors of 157.
157
What are the prime factors of 5137?
11, 467
List the prime factors of 23409.
3, 17
List the prime factors of 2100.
2, 3, 5, 7
What are the prime factors of 4418?
2, 47
List the prime factors of 1021.
1021
List the prime factors of 9827.
31, 317
What are the prime factors of 315?
3, 5, 7
List the prime factors of 1612.
2, 13, 31
What are the prime factors of 6043?
6043
What are the prime factors of 1091?
1091
What are the prime factors of 5768?
2, 7, 103
List the prime factors of 3082.
2, 23, 67
What are the prime factors of 4402?
2, 31, 71
List the prime factors of 57948.
2, 3, 11, 439
What are the prime factors of 35980?
2, 5, 7, 257
What are the prime factors of 83612?
2, 20903
List the prime factors of 148.
2, 37
List the prime factors of 1517.
37, 41
List the prime factors of 1740.
2, 3, 5, 29
What are the prime factors of 2295?
3, 5, 17
List the prime factors of 494.
2, 13, 19
What are the prime factors of 33458?
2, 16729
What are the prime factors of 2720?
2, 5, 17
List the prime factors of 148.
2, 37
List the prime factors of 1167.
3, 389
List the prime factors of 9665.
5, 1933
What are the prime factors of 1063?
1063
List the prime factors of 3948.
2, 3, 7, 47
List the prime factors of 31.
31
List the prime factors of 942.
2, 3, 157
What are the prime factors of 3276?
2, 3, 7, 13
What are the prime factors of 1218?
2, 3, 7, 29
What are the prime factors of 53663?
103, 521
List the prime factors of 14033.
14033
List the prime factors of 45352.
2, 5669
List the prime factors of 16497.
3, 13, 47
What are the prime factors of 21171?
3, 7057
List the prime factors of 297.
3, 11
What are the prime factors of 114015?
3, 5, 11, 691
What are the prime factors of 371?
7, 53
What are the prime factors of 39819?
3, 13, 1021
List the prime factors of 1375.
5, 11
What are the prime factors of 2305?
5, 461
What are the prime factors of 8242?
2, 13, 317
What are the prime factors of 678?
2, 3, 113
What are the prime factors of 50?
2, 5
List the prime factors of 5767.
73, 79
List the prime factors of 28016.
2, 17, 103
What are the prime factors of 182553?
3, 7, 8693
List the prime factors of 18046.
2, 7, 1289
What are the prime factors of 1274?
2, 7, 13
What are the prime factors of 112940?
2, 5, 5647
List the prime factors of 167564.
2, 163, 257
What are the prime factors of 1372?
2, 7
List the prime factors of 4341.
3, 1447
What are the prime factors of 35978?
2, 17989
What are the prime factors of 141252?
2, 3, 79, 149
List the prime factors of 1586.
2, 13, 61
What are the prime factors of 11711?
7, 239
List the prime factors of 4850.
2, 5, 97
List the prime factors of 1600.
2, 5
List the prime factors of 11919.
3, 29, 137
List the prime factors of 53265.
3, 5, 53, 67
What are the prime factors of 28707?
3, 7, 1367
List the prime factors of 39880.
2, 5, 997
List the prime factors of 4927.
13, 379
What are the prime factors of 5836?
2, 1459
What are the prime factors of 1238?
2, 619
What are the prime factors of 844?
2, 211
List the prime factors of 7.
7
What are the prime factors of 2032?
2, 127
List the prime factors of 4782.
2, 3, 797
What are the prime factors of 18292?
2, 17, 269
List the prime factors of 16528.
2, 1033
What are the prime factors of 106095?
3, 5, 11, 643
What are the prime factors of 4828?
2, 17, 71
List the prime factors of 2241.
3, 83
List the prime factors of 5367.
3, 1789
What are the prime factors of 1540?
2, 5, 7, 11
List the prime factors of 4329.
3, 13, 37
List the prime factors of 2041.
13, 157
What are the prime factors of 140?
2, 5, 7
List the prime factors of 749.
7, 107
List the prime factors of 686.
2, 7
List the prime factors of 2067.
3, 13, 53
What are the prime factors of 23119?
61, 379
What are the prime factors of 9042?
2, 3, 11, 137
List the prime factors of 745.
5, 149
List the prime factors of 18570.
2, 3, 5, 619
What are the prime factors of 1419?
3, 11, 43
List the prime factors of 21092.
2, 5273
What are the prime factors of 11886?
2, 3, 7, 283
What are the prime factors of 147859?
147859
What are the prime factors of 76142?
2, 11, 3461
What are the prime factors of 54346?
2, 29, 937
What are the prime factors of 1711?
29, 59
What are the prime factors of 22102?
2, 43, 257
What are the prime factors of 10690?
2, 5, 1069
What are the prime factors of 7262?
2, 3631
List the prime factors of 1888.
2, 59
List the prime factors of 5821.
5821
List the prime factors of 1868.
2, 467
What are the prime factors of 1004?
2, 251
What are the prime factors of 30245?
5, 23, 263
What are the prime factors of 54183?
3, 18061
List the prime factors of 2347.
2347
What are the pr